is the ten thousands digit of 196565534?
6
What is the thousands digit of 204629356?
9
What is the hundred thousands digit of 1911570103?
5
What is the hundreds digit of 888919668?
6
What is the hundreds digit of 3366242024?
0
What is the hundred thousands digit of 208306284?
3
What is the hundred thousands digit of 60741669?
7
What is the millions digit of 2801068781?
1
What is the ten millions digit of 304286264?
0
What is the hundred thousands digit of 27346490?
3
What is the hundred thousands digit of 264532251?
5
What is the thousands digit of 272752660?
2
What is the hundred thousands digit of 102572253?
5
What is the hundreds digit of 894772922?
9
What is the tens digit of 40425945?
4
What is the millions digit of 6699784902?
9
What is the hundreds digit of 359649437?
4
What is the units digit of 285260394?
4
What is the ten millions digit of 5376988386?
7
What is the hundreds digit of 237085269?
2
What is the ten thousands digit of 201804266?
0
What is the units digit of 21669976?
6
What is the hundred thousands digit of 2919597450?
5
What is the hundred millions digit of 636370324?
6
What is the millions digit of 2850031287?
0
What is the millions digit of 163379831?
3
What is the billions digit of 1093844147?
1
What is the thousands digit of 72975523?
5
What is the ten thousands digit of 294469364?
6
What is the hundred thousands digit of 280689917?
6
What is the tens digit of 100595022?
2
What is the millions digit of 156943578?
6
What is the ten millions digit of 79983227?
7
What is the millions digit of 3379640410?
9
What is the units digit of 1748914429?
9
What is the tens digit of 377099351?
5
What is the hundred millions digit of 231914779?
2
What is the millions digit of 2311117555?
1
What is the thousands digit of 8350333952?
3
What is the millions digit of 927470642?
7
What is the hundred thousands digit of 2458557521?
5
What is the ten millions digit of 59526060?
5
What is the ten millions digit of 670983003?
7
What is the tens digit of 97579539?
3
What is the hundred thousands digit of 2772743931?
7
What is the hundred millions digit of 122913428?
1
What is the tens digit of 524796830?
3
What is the ten thousands digit of 30525724?
2
What is the ten millions digit of 124721284?
2
What is the ten millions digit of 163821572?
6
What is the thousands digit of 81480870?
0
What is the hundred millions digit of 976799661?
9
What is the hundred thousands digit of 507470090?
4
What is the units digit of 273934844?
4
What is the tens digit of 210590981?
8
What is the thousands digit of 5571121384?
1
What is the tens digit of 2206872?
7
What is the thousands digit of 129475098?
5
What is the hundred thousands digit of 203447816?
4
What is the hundreds digit of 38939887?
8
What is the millions digit of 544317454?
4
What is the ten millions digit of 535140508?
3
What is the tens digit of 719189412?
1
What is the tens digit of 282404403?
0
What is the ten thousands digit of 53315?
5
What is the hundred thousands digit of 2844387542?
3
What is the hundred thousands digit of 106506473?
5
What is the thousands digit of 2335577958?
7
What is the millions digit of 6898834458?
8
What is the thousands digit of 18183941?
3
What is the units digit of 68447701?
1
What is the thousands digit of 509075028?
5
What is the ten thousands digit of 3620660?
2
What is the hundred thousands digit of 535177587?
1
What is the hundred thousands digit of 159400811?
4
What is the hundred thousands digit of 329787108?
7
What is the hundred thousands digit of 74022963?
0
What is the ten millions digit of 225887545?
2
What is the tens digit of 398386209?
0
What is the hundred thousands digit of 135767871?
7
What is the hundred thousands digit of 249223728?
2
What is the thousands digit of 76000261?
0
What is the ten millions digit of 1262116409?
6
What is the millions digit of 417863856?
7
What is the hundred thousands digit of 124992013?
9
What is the hundred thousands digit of 19046844?
0
What is the thousands digit of 1089194533?
4
What is the hundreds digit of 159021199?
1
What is the hundred millions digit of 634256053?
6
What is the millions digit of 434707637?
4
What is the units digit of 468624112?
2
What is the units digit of 50569730?
0
What is the millions digit of 252276892?
2
What is the units digit of 305338723?
3
What is the ten thousands digit of 1346697982?
9
What is the hundreds digit of 522881350?
3
What is the ten thousands digit of 132061193?
6
What is the hundred thousands digit of 207412380?
4
What is the ten thousands digit of 46774879?
7
What is the ten thousands digit of 58316995?
1
What is the tens digit of 40336978?
7
What is the millions digit of 489621251?
9
What is the thousands digit of 367705157?
5
What is the millions digit of 545015482?
5
What is the hundreds digit of 65552333?
3
What is the ten thousands digit of 75154733?
5
What is the millions digit of 42907194?
2
What is the thousands digit of 1054571986?
1
What is the units digit of 27917000?
0
What is the millions digit of 436655459?
6
What is the hundreds digit of 50275107?
1
What is the ten thousands digit of 853287987?
8
What is the ten millions digit of 279006531?
7
What is the millions digit of 163882114?
3
What is the ten millions digit of 48825236?
4
What is the millions digit of 2055114125?
5
What is the millions digit of 336467251?
6
What is the ten thousands digit of 19608199?
0
What is the hundred thousands digit of 49001271?
0
What is the thousands digit of 1903205538?
5
What is the ten millions digit of 70845661?
7
What is the hundred millions digit of 423253484?
4
What is the tens digit of 27216344?
4
What is the units digit of 2819779802?
2
What is the ten thousands digit of 73155399?
5
What is the ten millions digit of 155842328?
5
What is the ten millions digit of 731664689?
3
What is the billions digit of 5426433236?
5
What is the hundreds digit of 25560559?
5
What is the thousands digit of 134245365?
5
What is the hundred thousands digit of 36316230?
3
What is the units digit of 594055813?
3
What is the ten millions digit of 17668182?
1
What is the millions digit of 5825872458?
5
What is the ten thousands digit of 36467673?
6
What is the units digit of 2414674339?
9
What is the hundreds digit of 491162723?
7
What is the hundred millions digit of 2213370262?
2
What is the hundreds digit of 1512128157?
1
What is the tens digit of 194122752?
5
What is the ten millions digit of 2640619458?
4
What is the millions digit of 44346677?
4
What is the thousands digit of 344056555?
6
What is the hundred thousands digit of 3278772562?
7
What is the tens digit of 1382751103?
0
What is the thousands digit of 3607107093?
7
What is the millions digit of 1834028069?
4
What is the ten millions digit of 110268618?
1
What is the tens digit of 458086517?
1
What is the ten millions digit of 382888042?
8
What is the hundred thousands digit of 73024574?
0
What is the hundreds digit of 1820181828?
8
What is the thousands digit of 172524587?
4
What is the millions digit of 1716288091?
6
What is the units digit of 1367019574?
4
What is the hundred thousands digit of 1942230346?
2
What is the millions digit of 113902784?
3
What is the units digit of 529972540?
0
What is the ten millions digit of 66259640?
6
What is the millions digit of 42058697?
2
What is the tens digit of 1103142239?
3
What is the ten thousands digit of 273888317?
8
What is the units digit of 1869097956?
6
What is the hundred thousands digit of 2401583322?
5
What is the hundred thousands digit of 119140841?
1
What is the hundred thousands digit of 2609243858?
2
What is the thousands digit of 3802510173?
0
What is the hundreds digit of 46148618?
6
What is the hundred millions digit of 104058287?
1
What is the tens digit of 797168897?
9
What is the hundred millions digit of 856797651?
8
What is the thousands digit of 114929088?
9
What is the ten thousands digit of 2150904756?
0
What is the hundreds digit of 57331340?
3
What is the units digit of 11427452?
2
What is the hundred thousands digit of 682307512?
3
What is the hundred millions digit of 253863880?
2
What is the units digit of 362069895?
5
What is the ten millions digit of 1918486217?
1
What is the hundreds digit of 28660631?
6
What is the tens digit of